{"id":55,"date":"2019-03-03T13:34:25","date_gmt":"2019-03-03T13:34:25","guid":{"rendered":"http:\/\/gymwelt-tsv1881.de\/?page_id=55"},"modified":"2026-02-26T18:18:55","modified_gmt":"2026-02-26T18:18:55","slug":"trainer","status":"publish","type":"page","link":"https:\/\/gymwelt-tsv1881.de\/?page_id=55","title":{"rendered":"Trainer"},"content":{"rendered":"\n<div class=\"wp-block-media-text alignwide is-stacked-on-mobile is-vertically-aligned-top\" style=\"grid-template-columns:20% auto\"><figure class=\"wp-block-media-text__media\"><img loading=\"lazy\" decoding=\"async\" width=\"500\" height=\"752\" src=\"https:\/\/gymwelt-tsv1881.de\/wp-content\/uploads\/2019\/03\/HeikeWEB.jpg\" alt=\"\" class=\"wp-image-435 size-full\" srcset=\"https:\/\/gymwelt-tsv1881.de\/wp-content\/uploads\/2019\/03\/HeikeWEB.jpg 500w, https:\/\/gymwelt-tsv1881.de\/wp-content\/uploads\/2019\/03\/HeikeWEB-199x300.jpg 199w\" sizes=\"auto, (max-width: 500px) 100vw, 500px\" \/><\/figure><div class=\"wp-block-media-text__content\">\n<h4 class=\"wp-block-heading\"><strong>Heike Fl\u00f6ter&nbsp;<\/strong><\/h4>\n\n\n\n<h5 class=\"wp-block-heading\"><strong>Abteilungsleitung<\/strong><\/h5>\n\n\n\n<p class=\"has-accent-color has-text-color\" style=\"letter-spacing:0px\">Bereichsleitung Gymnastik<\/p>\n\n\n\n<p><strong>Bodyworkout | Di 19:45 \u2013 20:45 Uhr <br>Step-Aerobic | Do 19:45 \u2013 20:45 Uhr<\/strong><br><strong>Anmeldung: 0151-12368469<\/strong><\/p>\n\n\n\n<ul class=\"wp-block-list\">\n<li>Safs &amp; Beta B-Lizenz \u201eAerobic\u201c<\/li>\n\n\n\n<li>DOSB B-Lizenz Sport in der Pr\u00e4vention \/ Haltung &amp; Bewegung<\/li>\n\n\n\n<li>DOSB B-Lizenz Sport in der Rehabilitation \/ Profil: Orthop\u00e4die<\/li>\n\n\n\n<li>DTB- Kursleiterin: Drums-Alive, Faszio, Dance-Aerobic, Step-Aerobic<\/li>\n\n\n\n<li>4D PRO BUNGEE- Instructor, Spinning- Instructor, All-Body-Cycling Instructor<\/li>\n<\/ul>\n<\/div><\/div>\n\n\n\n<div class=\"wp-block-media-text alignwide is-stacked-on-mobile is-vertically-aligned-top\" style=\"grid-template-columns:20% auto\"><figure class=\"wp-block-media-text__media\"><img loading=\"lazy\" decoding=\"async\" width=\"500\" height=\"752\" src=\"https:\/\/gymwelt-tsv1881.de\/wp-content\/uploads\/2019\/03\/AnetteWEB.jpg\" alt=\"\" class=\"wp-image-430 size-full\" srcset=\"https:\/\/gymwelt-tsv1881.de\/wp-content\/uploads\/2019\/03\/AnetteWEB.jpg 500w, https:\/\/gymwelt-tsv1881.de\/wp-content\/uploads\/2019\/03\/AnetteWEB-199x300.jpg 199w\" sizes=\"auto, (max-width: 500px) 100vw, 500px\" \/><\/figure><div class=\"wp-block-media-text__content\">\n<h4 class=\"wp-block-heading\" id=\"anette-erdmann\"><strong>Anette Erdmann<\/strong><\/h4>\n\n\n\n<p class=\"has-text-align-left\"><strong>R\u00fcckenfit | Do 18:30 \u2013 19:30 Uhr<br>Anmeldung: 0176-50937953<\/strong><\/p>\n\n\n\n<ul class=\"wp-block-list\">\n<li>DOSB C-Lizenz Breitensport \/Fitness &amp; Gesundheit<\/li>\n\n\n\n<li>DOSB B-Lizenz Sport in der Pr\u00e4vention \/ Haltung &amp; Bewegung<\/li>\n\n\n\n<li>DTB-Kursleiterin: Aroha\u2013Advanced, Faszio, KAHA, R\u00fcckentrainer<\/li>\n<\/ul>\n<\/div><\/div>\n\n\n\n<div class=\"wp-block-media-text alignwide is-stacked-on-mobile is-vertically-aligned-top\" style=\"grid-template-columns:20% auto\"><figure class=\"wp-block-media-text__media\"><img loading=\"lazy\" decoding=\"async\" width=\"500\" height=\"695\" src=\"https:\/\/gymwelt-tsv1881.de\/wp-content\/uploads\/2019\/03\/AnitaWEB.jpg\" alt=\"\" class=\"wp-image-431 size-full\" srcset=\"https:\/\/gymwelt-tsv1881.de\/wp-content\/uploads\/2019\/03\/AnitaWEB.jpg 500w, https:\/\/gymwelt-tsv1881.de\/wp-content\/uploads\/2019\/03\/AnitaWEB-216x300.jpg 216w\" sizes=\"auto, (max-width: 500px) 100vw, 500px\" \/><\/figure><div class=\"wp-block-media-text__content\">\n<h4 class=\"wp-block-heading\"><strong>Anita Eifinger<\/strong><\/h4>\n\n\n\n<p><strong>R\u00fcckenfit -M\u00e4nner | Mo 20:00 &#8211; 21:00 Uhr &amp; Fr 19:00 &#8211; 20:00 Uhr<br>Anmeldung: 0176-50438154<\/strong><\/p>\n\n\n\n<ul class=\"wp-block-list\">\n<li>DOSB C-Lizenz Breitensport \/Fitness &amp; Gesundheit&nbsp;<\/li>\n\n\n\n<li>DOSB B-Lizenz Sport in der Pr\u00e4vention \/ Haltung &amp; Bewegung<\/li>\n\n\n\n<li>DTB-Kursleiterin: Aroha, KAHA, Walking, R\u00fcckentrainer<\/li>\n<\/ul>\n<\/div><\/div>\n\n\n\n<div class=\"wp-block-media-text alignwide is-stacked-on-mobile\" style=\"grid-template-columns:20% auto\"><figure class=\"wp-block-media-text__media\"><img loading=\"lazy\" decoding=\"async\" width=\"1024\" height=\"1024\" src=\"https:\/\/gymwelt-tsv1881.de\/wp-content\/uploads\/2023\/10\/photo-1103597_1280-1024x1024.png\" alt=\"\" class=\"wp-image-1334 size-full\" srcset=\"https:\/\/gymwelt-tsv1881.de\/wp-content\/uploads\/2023\/10\/photo-1103597_1280-1024x1024.png 1024w, https:\/\/gymwelt-tsv1881.de\/wp-content\/uploads\/2023\/10\/photo-1103597_1280-300x300.png 300w, https:\/\/gymwelt-tsv1881.de\/wp-content\/uploads\/2023\/10\/photo-1103597_1280-150x150.png 150w, https:\/\/gymwelt-tsv1881.de\/wp-content\/uploads\/2023\/10\/photo-1103597_1280-768x768.png 768w, https:\/\/gymwelt-tsv1881.de\/wp-content\/uploads\/2023\/10\/photo-1103597_1280-1200x1200.png 1200w, https:\/\/gymwelt-tsv1881.de\/wp-content\/uploads\/2023\/10\/photo-1103597_1280.png 1280w\" sizes=\"auto, (max-width: 1024px) 100vw, 1024px\" \/><\/figure><div class=\"wp-block-media-text__content\">\n<h4 class=\"wp-block-heading\"><strong>Birgit Rauch<\/strong><\/h4>\n\n\n\n<p><strong>Senioren in Bewegung | 14t\u00e4gig donnerstags 14:30 -16:30 Uhr<br>Anmeldung: 06733-8540<\/strong><\/p>\n<\/div><\/div>\n\n\n\n<div class=\"wp-block-media-text alignwide is-stacked-on-mobile is-vertically-aligned-top\" style=\"grid-template-columns:20% auto\"><figure class=\"wp-block-media-text__media\"><img loading=\"lazy\" decoding=\"async\" width=\"500\" height=\"752\" src=\"https:\/\/gymwelt-tsv1881.de\/wp-content\/uploads\/2019\/03\/ChristineWEB.jpg\" alt=\"\" class=\"wp-image-432 size-full\" srcset=\"https:\/\/gymwelt-tsv1881.de\/wp-content\/uploads\/2019\/03\/ChristineWEB.jpg 500w, https:\/\/gymwelt-tsv1881.de\/wp-content\/uploads\/2019\/03\/ChristineWEB-199x300.jpg 199w\" sizes=\"auto, (max-width: 500px) 100vw, 500px\" \/><\/figure><div class=\"wp-block-media-text__content\">\n<h4 class=\"wp-block-heading\"><strong>Christine Gerlach<\/strong><\/h4>\n\n\n\n<p><strong>R\u00fcckenfit | Di 18:45 \u2013 19:45 Uhr &amp; 20:00 &#8211; 21:00 Uhr<br>Anmeldung: 0157-57642988<\/strong><\/p>\n\n\n\n<ul class=\"wp-block-list\">\n<li>DOSB C-Lizenz Breitensport \/Fitness &amp; Gesundheit&nbsp;<\/li>\n\n\n\n<li>DOSB B-Lizenz Sport in der Pr\u00e4vention \/ Haltung &amp; Bewegung<\/li>\n\n\n\n<li>DTB-Kursleiterin: Faszio, R\u00fcckentrainer<\/li>\n<\/ul>\n<\/div><\/div>\n\n\n\n<div class=\"wp-block-media-text alignwide is-stacked-on-mobile is-vertically-aligned-top\" style=\"grid-template-columns:20% auto\"><figure class=\"wp-block-media-text__media\"><img loading=\"lazy\" decoding=\"async\" width=\"500\" height=\"752\" src=\"https:\/\/gymwelt-tsv1881.de\/wp-content\/uploads\/2019\/03\/ElviraWEB.jpg\" alt=\"\" class=\"wp-image-434 size-full\" srcset=\"https:\/\/gymwelt-tsv1881.de\/wp-content\/uploads\/2019\/03\/ElviraWEB.jpg 500w, https:\/\/gymwelt-tsv1881.de\/wp-content\/uploads\/2019\/03\/ElviraWEB-199x300.jpg 199w\" sizes=\"auto, (max-width: 500px) 100vw, 500px\" \/><\/figure><div class=\"wp-block-media-text__content\">\n<h4 class=\"wp-block-heading\"><strong>Elvira Gallo Buendia<\/strong><\/h4>\n\n\n\n<p><strong>Pilates | Mi 17:30 \u2013 18:30 Uhr &amp; Fr 9:30 \u2013 10:30 Uhr<br>Anmeldung: 0176-46632212<\/strong><\/p>\n\n\n\n<ul class=\"wp-block-list\">\n<li>DOSB C-Lizenz Breitensport \/Fitness &amp; Gesundheit<\/li>\n\n\n\n<li>DTB-Trainerin Pilates<\/li>\n\n\n\n<li>DTB-Stretching Instructorin<\/li>\n\n\n\n<li>DTB-Kursleiterin: Gleichgewicht und Stabilisation, Entspannungstechniken, Fit mit LineDance<\/li>\n\n\n\n<li>Karate-Trainerin<\/li>\n\n\n\n<li>Kursleiterin Beckenboden<\/li>\n\n\n\n<li>Weiterbildung: R\u00fcckengymnastik<\/li>\n<\/ul>\n<\/div><\/div>\n\n\n\n<div class=\"wp-block-media-text alignwide is-stacked-on-mobile is-vertically-aligned-top\" style=\"grid-template-columns:20% auto\"><figure class=\"wp-block-media-text__media\"><img loading=\"lazy\" decoding=\"async\" width=\"1024\" height=\"1024\" src=\"https:\/\/gymwelt-tsv1881.de\/wp-content\/uploads\/2023\/10\/photo-1103597_1280-1024x1024.png\" alt=\"\" class=\"wp-image-1334 size-full\" srcset=\"https:\/\/gymwelt-tsv1881.de\/wp-content\/uploads\/2023\/10\/photo-1103597_1280-1024x1024.png 1024w, https:\/\/gymwelt-tsv1881.de\/wp-content\/uploads\/2023\/10\/photo-1103597_1280-300x300.png 300w, https:\/\/gymwelt-tsv1881.de\/wp-content\/uploads\/2023\/10\/photo-1103597_1280-150x150.png 150w, https:\/\/gymwelt-tsv1881.de\/wp-content\/uploads\/2023\/10\/photo-1103597_1280-768x768.png 768w, https:\/\/gymwelt-tsv1881.de\/wp-content\/uploads\/2023\/10\/photo-1103597_1280-1200x1200.png 1200w, https:\/\/gymwelt-tsv1881.de\/wp-content\/uploads\/2023\/10\/photo-1103597_1280.png 1280w\" sizes=\"auto, (max-width: 1024px) 100vw, 1024px\" \/><\/figure><div class=\"wp-block-media-text__content\">\n<h4 class=\"wp-block-heading\">Jennifer <strong>Biegle<\/strong><\/h4>\n\n\n\n<p><strong>Oremer Smarties | Di 15:30 &#8211; 16:30 Uhr<br>Anmeldung: <strong>0162-6273063<\/strong><\/strong><\/p>\n<\/div><\/div>\n\n\n\n<div class=\"wp-block-media-text alignwide is-stacked-on-mobile is-vertically-aligned-top\" style=\"grid-template-columns:20% auto\"><figure class=\"wp-block-media-text__media\"><img loading=\"lazy\" decoding=\"async\" width=\"1024\" height=\"1024\" src=\"https:\/\/gymwelt-tsv1881.de\/wp-content\/uploads\/2023\/10\/photo-1103597_1280-1024x1024.png\" alt=\"\" class=\"wp-image-1334 size-full\" srcset=\"https:\/\/gymwelt-tsv1881.de\/wp-content\/uploads\/2023\/10\/photo-1103597_1280-1024x1024.png 1024w, https:\/\/gymwelt-tsv1881.de\/wp-content\/uploads\/2023\/10\/photo-1103597_1280-300x300.png 300w, https:\/\/gymwelt-tsv1881.de\/wp-content\/uploads\/2023\/10\/photo-1103597_1280-150x150.png 150w, https:\/\/gymwelt-tsv1881.de\/wp-content\/uploads\/2023\/10\/photo-1103597_1280-768x768.png 768w, https:\/\/gymwelt-tsv1881.de\/wp-content\/uploads\/2023\/10\/photo-1103597_1280-1200x1200.png 1200w, https:\/\/gymwelt-tsv1881.de\/wp-content\/uploads\/2023\/10\/photo-1103597_1280.png 1280w\" sizes=\"auto, (max-width: 1024px) 100vw, 1024px\" \/><\/figure><div class=\"wp-block-media-text__content\">\n<h4 class=\"wp-block-heading\">Laura Bellenberg<\/h4>\n\n\n\n<p><strong>Revolution | <\/strong><strong>Do 19:45 \u2013 21:00 Uhr<br>Magic Flames | Di 16:30 &#8211; 17:30 Uhr<br>Anmeldung: 0176-70737808<\/strong><\/p>\n<\/div><\/div>\n\n\n\n<div class=\"wp-block-media-text alignwide is-stacked-on-mobile is-vertically-aligned-top\" style=\"grid-template-columns:20% auto\"><figure class=\"wp-block-media-text__media\"><img loading=\"lazy\" decoding=\"async\" width=\"1024\" height=\"1024\" src=\"https:\/\/gymwelt-tsv1881.de\/wp-content\/uploads\/2023\/10\/photo-1103597_1280-1024x1024.png\" alt=\"\" class=\"wp-image-1334 size-full\" srcset=\"https:\/\/gymwelt-tsv1881.de\/wp-content\/uploads\/2023\/10\/photo-1103597_1280-1024x1024.png 1024w, https:\/\/gymwelt-tsv1881.de\/wp-content\/uploads\/2023\/10\/photo-1103597_1280-300x300.png 300w, https:\/\/gymwelt-tsv1881.de\/wp-content\/uploads\/2023\/10\/photo-1103597_1280-150x150.png 150w, https:\/\/gymwelt-tsv1881.de\/wp-content\/uploads\/2023\/10\/photo-1103597_1280-768x768.png 768w, https:\/\/gymwelt-tsv1881.de\/wp-content\/uploads\/2023\/10\/photo-1103597_1280-1200x1200.png 1200w, https:\/\/gymwelt-tsv1881.de\/wp-content\/uploads\/2023\/10\/photo-1103597_1280.png 1280w\" sizes=\"auto, (max-width: 1024px) 100vw, 1024px\" \/><\/figure><div class=\"wp-block-media-text__content\">\n<h4 class=\"wp-block-heading\"><strong>Marina Hafner<\/strong><\/h4>\n\n\n\n<p><strong>Nordic-Walking | Mo 17:30 &#8211; 18:30 Uhr<\/strong><br><strong>Anmeldung: 0178-3068719<\/strong><\/p>\n\n\n\n<p><\/p>\n<\/div><\/div>\n\n\n\n<div class=\"wp-block-media-text alignwide is-stacked-on-mobile is-vertically-aligned-top\" style=\"grid-template-columns:20% auto\"><figure class=\"wp-block-media-text__media\"><img loading=\"lazy\" decoding=\"async\" width=\"1024\" height=\"1024\" src=\"https:\/\/gymwelt-tsv1881.de\/wp-content\/uploads\/2023\/10\/photo-1103597_1280-1024x1024.png\" alt=\"\" class=\"wp-image-1334 size-full\" srcset=\"https:\/\/gymwelt-tsv1881.de\/wp-content\/uploads\/2023\/10\/photo-1103597_1280-1024x1024.png 1024w, https:\/\/gymwelt-tsv1881.de\/wp-content\/uploads\/2023\/10\/photo-1103597_1280-300x300.png 300w, https:\/\/gymwelt-tsv1881.de\/wp-content\/uploads\/2023\/10\/photo-1103597_1280-150x150.png 150w, https:\/\/gymwelt-tsv1881.de\/wp-content\/uploads\/2023\/10\/photo-1103597_1280-768x768.png 768w, https:\/\/gymwelt-tsv1881.de\/wp-content\/uploads\/2023\/10\/photo-1103597_1280-1200x1200.png 1200w, https:\/\/gymwelt-tsv1881.de\/wp-content\/uploads\/2023\/10\/photo-1103597_1280.png 1280w\" sizes=\"auto, (max-width: 1024px) 100vw, 1024px\" \/><\/figure><div class=\"wp-block-media-text__content\">\n<h4 class=\"wp-block-heading\"><strong>Marion Weyrich<\/strong><\/h4>\n\n\n\n<p><strong>Kinderyoga | Sa 14:00 Uhr<\/strong><\/p>\n\n\n\n<ul class=\"wp-block-list\">\n<li>DOSB C-Lizenz Breitensport \/Fitness &amp; Gesundheit<\/li>\n\n\n\n<li>DTB Kursleiterin Entspannungstechniken, Kinderyoga<\/li>\n<\/ul>\n<\/div><\/div>\n\n\n\n<div class=\"wp-block-media-text alignwide is-stacked-on-mobile is-vertically-aligned-top\" style=\"grid-template-columns:20% auto\"><figure class=\"wp-block-media-text__media\"><img loading=\"lazy\" decoding=\"async\" width=\"1024\" height=\"1024\" src=\"https:\/\/gymwelt-tsv1881.de\/wp-content\/uploads\/2023\/10\/photo-1103597_1280-1024x1024.png\" alt=\"\" class=\"wp-image-1334 size-full\" srcset=\"https:\/\/gymwelt-tsv1881.de\/wp-content\/uploads\/2023\/10\/photo-1103597_1280-1024x1024.png 1024w, https:\/\/gymwelt-tsv1881.de\/wp-content\/uploads\/2023\/10\/photo-1103597_1280-300x300.png 300w, https:\/\/gymwelt-tsv1881.de\/wp-content\/uploads\/2023\/10\/photo-1103597_1280-150x150.png 150w, https:\/\/gymwelt-tsv1881.de\/wp-content\/uploads\/2023\/10\/photo-1103597_1280-768x768.png 768w, https:\/\/gymwelt-tsv1881.de\/wp-content\/uploads\/2023\/10\/photo-1103597_1280-1200x1200.png 1200w, https:\/\/gymwelt-tsv1881.de\/wp-content\/uploads\/2023\/10\/photo-1103597_1280.png 1280w\" sizes=\"auto, (max-width: 1024px) 100vw, 1024px\" \/><\/figure><div class=\"wp-block-media-text__content\">\n<h4 class=\"wp-block-heading\"><strong>Melitta Zoppelt<\/strong><\/h4>\n\n\n\n<p><strong>Yoga | Do 09:00 \u2013 10:30 Uhr<br>Anmeldung: 0160-97973850<\/strong><\/p>\n\n\n\n<ul class=\"wp-block-list\">\n<li>Physiotherapeutin<\/li>\n\n\n\n<li>Zweij\u00e4hrige Yogalehrerausbildung (BYV)<\/li>\n\n\n\n<li>Fortbildung zur R\u00fccken- Yogalehrerin (BYV)<\/li>\n\n\n\n<li>Grundausbildung Pilates<\/li>\n<\/ul>\n<\/div><\/div>\n\n\n\n<div class=\"wp-block-media-text alignwide is-stacked-on-mobile is-vertically-aligned-top\" style=\"grid-template-columns:20% auto\"><figure class=\"wp-block-media-text__media\"><img loading=\"lazy\" decoding=\"async\" width=\"732\" height=\"1024\" src=\"https:\/\/gymwelt-tsv1881.de\/wp-content\/uploads\/2026\/02\/IMG_2738-732x1024.jpeg\" alt=\"\" class=\"wp-image-1784 size-full\" srcset=\"https:\/\/gymwelt-tsv1881.de\/wp-content\/uploads\/2026\/02\/IMG_2738-732x1024.jpeg 732w, https:\/\/gymwelt-tsv1881.de\/wp-content\/uploads\/2026\/02\/IMG_2738-214x300.jpeg 214w, https:\/\/gymwelt-tsv1881.de\/wp-content\/uploads\/2026\/02\/IMG_2738-768x1075.jpeg 768w, https:\/\/gymwelt-tsv1881.de\/wp-content\/uploads\/2026\/02\/IMG_2738-1097x1536.jpeg 1097w, https:\/\/gymwelt-tsv1881.de\/wp-content\/uploads\/2026\/02\/IMG_2738-1463x2048.jpeg 1463w, https:\/\/gymwelt-tsv1881.de\/wp-content\/uploads\/2026\/02\/IMG_2738-1200x1680.jpeg 1200w, https:\/\/gymwelt-tsv1881.de\/wp-content\/uploads\/2026\/02\/IMG_2738.jpeg 1474w\" sizes=\"auto, (max-width: 732px) 100vw, 732px\" \/><\/figure><div class=\"wp-block-media-text__content\">\n<h4 class=\"wp-block-heading\"><strong>Miriam Engler-Yalcin<\/strong><\/h4>\n\n\n\n<h5 class=\"wp-block-heading\">Stellvertretende Abteilungsleiterin<\/h5>\n\n\n\n<p class=\"has-accent-color has-text-color\">Bereichsleitung Tanz<\/p>\n\n\n\n<p><strong>Aroha | Mo 19:30-20:30 Uhr<br>Hula-Hoop | Mi 18:45-19:45 Uhr  <\/strong><br><strong>Anmeldung: 0160-8898998<\/strong><\/p>\n\n\n\n<ul class=\"wp-block-list\">\n<li>DOSB C-Lizenz Breitensport \/Fitness &amp; Gesundheit<\/li>\n\n\n\n<li>DTB-Instructor\/in Hula-Hoop Workout<\/li>\n\n\n\n<li>Powerhoop Instructor<\/li>\n\n\n\n<li>Aroha Instructor<\/li>\n<\/ul>\n<\/div><\/div>\n\n\n\n<div class=\"wp-block-media-text alignwide is-stacked-on-mobile is-vertically-aligned-top\" style=\"grid-template-columns:20% auto\"><figure class=\"wp-block-media-text__media\"><img loading=\"lazy\" decoding=\"async\" width=\"500\" height=\"752\" src=\"https:\/\/gymwelt-tsv1881.de\/wp-content\/uploads\/2019\/03\/TanjaWEB.jpg\" alt=\"\" class=\"wp-image-437 size-full\" srcset=\"https:\/\/gymwelt-tsv1881.de\/wp-content\/uploads\/2019\/03\/TanjaWEB.jpg 500w, https:\/\/gymwelt-tsv1881.de\/wp-content\/uploads\/2019\/03\/TanjaWEB-199x300.jpg 199w\" sizes=\"auto, (max-width: 500px) 100vw, 500px\" \/><\/figure><div class=\"wp-block-media-text__content\">\n<h4 class=\"wp-block-heading\"><strong>Tanja Bohrmann<\/strong><\/h4>\n\n\n\n<p><strong>Kinderyoga | Sa 14:00 Uhr <\/strong><br><strong>R\u00fcckenfit | Do 18:30 &#8211; 19:30 Uhr<br>Step-Aerobic | Do 19:45 &#8211; 20:45 Uhr<\/strong><br><strong>Anmeldung: 0176-61985933<\/strong><\/p>\n\n\n\n<ul class=\"wp-block-list\">\n<li>DTB- Trainerin \u201eAerobic\u201c<\/li>\n\n\n\n<li>DTB- Kursleiterin: Aroha, Entspannungstechniken, Pilates, Kinderyoga<\/li>\n<\/ul>\n<\/div><\/div>\n\n\n\n<div class=\"wp-block-media-text alignwide is-stacked-on-mobile\"><figure class=\"wp-block-media-text__media\"><img loading=\"lazy\" decoding=\"async\" width=\"624\" height=\"1024\" src=\"https:\/\/gymwelt-tsv1881.de\/wp-content\/uploads\/2026\/01\/a1a62cd3-943a-4e4a-9dc0-ef9941c6cb57-624x1024.jpeg\" alt=\"\" class=\"wp-image-1757 size-full\" srcset=\"https:\/\/gymwelt-tsv1881.de\/wp-content\/uploads\/2026\/01\/a1a62cd3-943a-4e4a-9dc0-ef9941c6cb57-624x1024.jpeg 624w, https:\/\/gymwelt-tsv1881.de\/wp-content\/uploads\/2026\/01\/a1a62cd3-943a-4e4a-9dc0-ef9941c6cb57-183x300.jpeg 183w, https:\/\/gymwelt-tsv1881.de\/wp-content\/uploads\/2026\/01\/a1a62cd3-943a-4e4a-9dc0-ef9941c6cb57-768x1260.jpeg 768w, https:\/\/gymwelt-tsv1881.de\/wp-content\/uploads\/2026\/01\/a1a62cd3-943a-4e4a-9dc0-ef9941c6cb57-936x1536.jpeg 936w, https:\/\/gymwelt-tsv1881.de\/wp-content\/uploads\/2026\/01\/a1a62cd3-943a-4e4a-9dc0-ef9941c6cb57-1200x1969.jpeg 1200w, https:\/\/gymwelt-tsv1881.de\/wp-content\/uploads\/2026\/01\/a1a62cd3-943a-4e4a-9dc0-ef9941c6cb57.jpeg 1248w\" sizes=\"auto, (max-width: 624px) 100vw, 624px\" \/><\/figure><div class=\"wp-block-media-text__content\">\n<h4 class=\"wp-block-heading\">Tina Oswald<\/h4>\n\n\n\n<p><strong>ZUMBA | Sa 10:30 &#8211; 11:30 Uhr<br>Anmeldung: 0160-90295943<\/strong><\/p>\n\n\n\n<ul class=\"wp-block-list\">\n<li>Zumba Instructor<br><\/li>\n<\/ul>\n<\/div><\/div>\n\n\n\n<div class=\"wp-block-media-text alignwide is-stacked-on-mobile is-vertically-aligned-top\" style=\"grid-template-columns:20% auto\"><figure class=\"wp-block-media-text__media\"><img loading=\"lazy\" decoding=\"async\" width=\"500\" height=\"752\" src=\"https:\/\/gymwelt-tsv1881.de\/wp-content\/uploads\/2019\/03\/PeterWEB.jpg\" alt=\"\" class=\"wp-image-436 size-full\" srcset=\"https:\/\/gymwelt-tsv1881.de\/wp-content\/uploads\/2019\/03\/PeterWEB.jpg 500w, https:\/\/gymwelt-tsv1881.de\/wp-content\/uploads\/2019\/03\/PeterWEB-199x300.jpg 199w\" sizes=\"auto, (max-width: 500px) 100vw, 500px\" \/><\/figure><div class=\"wp-block-media-text__content\">\n<h4 class=\"wp-block-heading\"><strong>Peter Rie\u00df<\/strong><\/h4>\n\n\n\n<p><strong>Volleyball | Fr 20:00 \u2013 22:00 Uhr<br>Anmeldung: 0176-43849727<\/strong><\/p>\n\n\n\n<ul class=\"wp-block-list\">\n<li>Sportstudium mit 2. Staatsexamen&nbsp;<\/li>\n\n\n\n<li>Volleyball-Trainer<\/li>\n<\/ul>\n<\/div><\/div>\n\n\n\n<div class=\"wp-block-media-text alignwide is-stacked-on-mobile is-vertically-aligned-top\" style=\"grid-template-columns:20% auto\"><figure class=\"wp-block-media-text__media\"><img loading=\"lazy\" decoding=\"async\" width=\"500\" height=\"666\" src=\"https:\/\/gymwelt-tsv1881.de\/wp-content\/uploads\/2019\/04\/ElfriedeWEB.jpg\" alt=\"\" class=\"wp-image-544 size-full\" srcset=\"https:\/\/gymwelt-tsv1881.de\/wp-content\/uploads\/2019\/04\/ElfriedeWEB.jpg 500w, https:\/\/gymwelt-tsv1881.de\/wp-content\/uploads\/2019\/04\/ElfriedeWEB-225x300.jpg 225w\" sizes=\"auto, (max-width: 500px) 100vw, 500px\" \/><\/figure><div class=\"wp-block-media-text__content\">\n<h4 class=\"wp-block-heading\"><strong>Elfriede Winter<\/strong><\/h4>\n\n\n\n<p><strong>Seniorengymnastik 60+ | Mi 9:30 \u2013 11:00 Uhr<br>Anmeldung: 06731-43926<\/strong><\/p>\n\n\n\n<p>Seit \u00fcber 50 Jahre als Trainerin f\u00fcr die Abteilung Gymwelt t\u00e4tig!<\/p>\n<\/div><\/div>\n\n\n\n<p><\/p>\n","protected":false},"excerpt":{"rendered":"<p>Birgit Rauch Senioren in Bewegung | 14t\u00e4gig donnerstags 14:30 -16:30 UhrAnmeldung: 06733-8540 Jennifer Biegle Oremer Smarties | Di 15:30 &#8211; 16:30 UhrAnmeldung: 0162-6273063 Laura Bellenberg Revolution | Do 19:45 \u2013 21:00 UhrMagic Flames | Di 16:30 &#8211; 17:30 UhrAnmeldung: 0176-70737808 Marina Hafner Nordic-Walking | Mo 17:30 &#8211; 18:30 UhrAnmeldung: 0178-3068719 Elfriede Winter Seniorengymnastik 60+ | [&hellip;]<\/p>\n","protected":false},"author":1,"featured_media":0,"parent":0,"menu_order":0,"comment_status":"closed","ping_status":"closed","template":"","meta":{"footnotes":""},"class_list":["post-55","page","type-page","status-publish","hentry"],"_links":{"self":[{"href":"https:\/\/gymwelt-tsv1881.de\/index.php?rest_route=\/wp\/v2\/pages\/55","targetHints":{"allow":["GET"]}}],"collection":[{"href":"https:\/\/gymwelt-tsv1881.de\/index.php?rest_route=\/wp\/v2\/pages"}],"about":[{"href":"https:\/\/gymwelt-tsv1881.de\/index.php?rest_route=\/wp\/v2\/types\/page"}],"author":[{"embeddable":true,"href":"https:\/\/gymwelt-tsv1881.de\/index.php?rest_route=\/wp\/v2\/users\/1"}],"replies":[{"embeddable":true,"href":"https:\/\/gymwelt-tsv1881.de\/index.php?rest_route=%2Fwp%2Fv2%2Fcomments&post=55"}],"version-history":[{"count":121,"href":"https:\/\/gymwelt-tsv1881.de\/index.php?rest_route=\/wp\/v2\/pages\/55\/revisions"}],"predecessor-version":[{"id":1785,"href":"https:\/\/gymwelt-tsv1881.de\/index.php?rest_route=\/wp\/v2\/pages\/55\/revisions\/1785"}],"wp:attachment":[{"href":"https:\/\/gymwelt-tsv1881.de\/index.php?rest_route=%2Fwp%2Fv2%2Fmedia&parent=55"}],"curies":[{"name":"wp","href":"https:\/\/api.w.org\/{rel}","templated":true}]}}