{"id":59,"date":"2019-03-03T13:34:25","date_gmt":"2019-03-03T13:34:25","guid":{"rendered":"http:\/\/gymwelt-tsv1881.de\/?page_id=59"},"modified":"2022-02-22T15:06:38","modified_gmt":"2022-02-22T15:06:38","slug":"abteilung-gymwelt","status":"publish","type":"page","link":"https:\/\/gymwelt-tsv1881.de\/?page_id=59","title":{"rendered":"Gymwelt"},"content":{"rendered":"\n<p>Unter dem Dach der&nbsp;GYMWELT pr\u00e4sentiert der TSV-Gau-Odernheim ein vielf\u00e4ltiges, freizeitsportliches Bewegungsangebot rund um Gymnastik, Fitness- und Gesundheitssport.<br> <br>Unsere attraktiven Angebote richten sich an Vereinsmitglieder, aber auch an Interessierte, die keine Mitgliedschaft haben.<br><\/p>\n\n\n\n<p>An oberster Stelle steht f\u00fcr uns der Spa\u00df und die Freude an der Bewegung in dem Bewusstsein, etwas f\u00fcr unsere Gesundheit zu tun. Gem\u00e4\u00df den <em>Nationalen Bewegungsempfehlungen<\/em> ist mindestens 3x pro Woche ein moderates Training erforderlich, um gesund zu leben und \u00e4lter zu werden.<\/p>\n\n\n\n<p>Jeder entscheidet selbst, mit welcher Intensit\u00e4t er die einzelnen \u00dcbungen durchf\u00fchren kann. Dabei achten unsere \u00dcbungsleiter auf eine korrekte Ausf\u00fchrung, damit keine Verletzungen entstehen und der Trainingserfolg gew\u00e4hrleistet ist.<br><\/p>\n\n\n\n<p>Hast auch Du Lust auf gesundheitsf\u00f6rdernde Bewegung, dann schreib uns doch einfach eine Nachricht, oder ruf an! &nbsp;Bei uns ist jeder willkommen<br> <br><em>Und noch etwas:<\/em> <br>Das Alter spielt \u00fcberhaupt keine Rolle. Bei uns trainiert jeder nach seinen M\u00f6glichkeiten.<\/p>\n\n\n\n<h4 class=\"wp-block-heading\"><\/h4>\n\n\n\n<p><\/p>\n","protected":false},"excerpt":{"rendered":"<p>Unter dem Dach der&nbsp;GYMWELT pr\u00e4sentiert der TSV-Gau-Odernheim ein vielf\u00e4ltiges, freizeitsportliches Bewegungsangebot rund um Gymnastik, Fitness- und Gesundheitssport. Unsere attraktiven Angebote richten sich an Vereinsmitglieder, aber auch an Interessierte, die keine Mitgliedschaft haben. An oberster Stelle steht f\u00fcr uns der Spa\u00df und die Freude an der Bewegung in dem Bewusstsein, etwas f\u00fcr unsere Gesundheit zu tun. [&hellip;]<\/p>\n","protected":false},"author":1,"featured_media":0,"parent":0,"menu_order":0,"comment_status":"closed","ping_status":"closed","template":"","meta":{"footnotes":""},"class_list":["post-59","page","type-page","status-publish","hentry"],"_links":{"self":[{"href":"https:\/\/gymwelt-tsv1881.de\/index.php?rest_route=\/wp\/v2\/pages\/59","targetHints":{"allow":["GET"]}}],"collection":[{"href":"https:\/\/gymwelt-tsv1881.de\/index.php?rest_route=\/wp\/v2\/pages"}],"about":[{"href":"https:\/\/gymwelt-tsv1881.de\/index.php?rest_route=\/wp\/v2\/types\/page"}],"author":[{"embeddable":true,"href":"https:\/\/gymwelt-tsv1881.de\/index.php?rest_route=\/wp\/v2\/users\/1"}],"replies":[{"embeddable":true,"href":"https:\/\/gymwelt-tsv1881.de\/index.php?rest_route=%2Fwp%2Fv2%2Fcomments&post=59"}],"version-history":[{"count":7,"href":"https:\/\/gymwelt-tsv1881.de\/index.php?rest_route=\/wp\/v2\/pages\/59\/revisions"}],"predecessor-version":[{"id":993,"href":"https:\/\/gymwelt-tsv1881.de\/index.php?rest_route=\/wp\/v2\/pages\/59\/revisions\/993"}],"wp:attachment":[{"href":"https:\/\/gymwelt-tsv1881.de\/index.php?rest_route=%2Fwp%2Fv2%2Fmedia&parent=59"}],"curies":[{"name":"wp","href":"https:\/\/api.w.org\/{rel}","templated":true}]}}